 25100. Calculate y(10).
0
Let w(u) = 49*u - 391. Determine w(10).
99
Let i(m) = -140*m - 1263. What is i(-9)?
-3
Let m(u) = u**3 + 33*u**2 + 100*u + 1180. Calculate m(-31).
2
Let l(v) = -957*v + 3934. Determine l(4).
106
Let y(u) = u**2 + 409*u + 41733. Give y(-195).
3
Let w(i) = -70*i + 1738. Calculate w(25).
-12
Let x(g) = g**3 + 5*g**2 + 13*g + 11. Give x(-5).
-54
Let b(c) = 40*c + 180. Calculate b(-5).
-20
Let n(z) = -7*z**2 - 472*z + 352. What is n(-68)?
80
Let i(h) = 66*h - 3. What is i(3)?
195
Let n(h) = 34*h + 333. Determine n(-9).
27
Let p(h) = h**2 + 6*h - 37. What is p(-11)?
18
Let x(f) = -8*f + 1032. What is x(71)?
464
Let k(y) = -2*y**2 + 257*y - 5915. Determine k(30).
-5
Let t(y) = -y**2 + 118*y - 667. Determine t(112).
5
Let j(k) = 1324*k + 5284. What is j(-4)?
-12
Let q(f) = -17*f**2 + 272*f - 8. Calculate q(16).
-8
Let i(y) = 9*y**2 + 80*y + 17. Determine i(-9).
26
Let b(x) = -2*x**3 - 15*x**2 - 24*x - 157. Calculate b(-7).
-38
Let h(y) = 2*y**2 + 109*y - 625. Give h(5).
-30
Let v(d) = 2*d**3 + 120*d**2 + 147*d - 4934. Give v(-58).
-4
Let i(l) = l**3 - 87*l**2 - 874*l - 91. Give i(-9).
-1
Let m(t) = -63*t + 7051. Give m(112).
-5
Let h(j) = 7*j + 373. Determine h(-31).
156
Let o(w) = -14*w**3 - 7*w**2 + 31*w + 99. Calculate o(-3).
321
Let r(l) = -l**3 - 89*l**2 - 6*l - 542. Calculate r(-89).
-8
Let f(l) = -2*l**3 + 148*l**2 + 4*l - 320. Determine f(74).
-24
Let x(t) = -t**2 + 37*t + 5656. Give x(-59).
-8
Let g(b) = 30*b**2 + 483*b + 44. Calculate g(-16).
-4
Let a(j) = -4*j**2 + 88*j + 541. Calculate a(27).
1
Let c(v) = -v**3 - 353*v**2 - 24345*v + 273. Give c(-259).
14
Let g(o) = o**3 + 23*o**2 + 99*o + 3. Calculate g(-6).
21
Let o(w) = -15*w**2 + 41*w + 40. Give o(-1).
-16
Let w(b) = -987*b + 2961. Determine w(3).
0
Let u(b) = 2*b**2 + 165*b - 2598. Give u(-96).
-6
Let h(d) = d**2 + 190*d + 2932. What is h(-17)?
-9
Let p(n) = -3*n**3 - 202*n**2 - 84*n - 1143. Give p(-67).
-4
Let b(t) = t**3 - 39*t**2 + t - 51. What is b(39)?
-12
Let a(s) = -s**2 - 1311*s + 114214. Calculate a(82).
-12
Let y(f) = -31*f + 39. Give y(7).
-178
Let k(q) = q**3 + 3*q**2 - 16*q + 5. Determine k(-9).
-337
Let r(z) = -2*z**2 - 49*z + 50. What is r(-23)?
119
Let y(d) = -93*d + 45. Determine y(6).
-513
Let l(t) = 88*t + 3609. Give l(-41).
1
Let f(l) = 171*l + 3595. Determine f(-21).
4
Let z(l) = 76*l**2 - 70*l + 6. Determine z(1).
12
Let p(w) = 8*w**2 + 150*w + 139. Give p(-18).
31
Let u(i) = 160*i + 6050. What is u(-38)?
-30
Let w(q) = -23*q**2 + 127*q + 269. What is w(7)?
31
Let r(s) = 5115*s + 35802. Give r(-7).
-3
Let h(x) = -x**3 + 16*x**2 - 47*x - 6. Give h(12).
6
Let k(o) = 3*o**3 + 197*o**2 - 64*o + 15. Give k(-66).
-117
Let k(p) = -214*p**2 - 642*p + 3. Give k(-3).
3
Let n(z) = z**2 + 224*z - 2103. Give n(9).
-6
Let v(h) = -2*h**2 - 563*h - 27688. Calculate v(-218).
-2
Let n(x) = -26*x**2 - 7*x - 8. What is n(-3)?
-221
Let t(x) = -18*x - 275. Determine t(28).
-779
Let t(o) = 72*o**2 - 42*o - 14. Calculate t(3).
508
Let j(z) = -3*z**2 + 803*z + 4925. What is j(-6)?
-1
Let g(u) = -u**3 + 20*u**2 + 153*u - 44. Calculate g(27).
-1016
Let y(i) = -12*i**3 + 109*i**2 - 10*i + 9. Determine y(9).
0
Let m(n) = 2*n**3 - 147*n**2 + 218*n - 41. What is m(72)?
103
Let s(v) = -19*v**2 + 37*v + 10. Give s(4).
-146
Let h(k) = -14*k**2 + 501*k + 111. What is h(36)?
3
Let u(j) = -j**3 - 15*j**2 + 25*j + 16. Give u(-17).
169
Let b(r) = -23*r + 892. Determine b(36).
64
Let p(l) = -l**3 - 62*l**2 + 265*l + 73. Give p(-66).
7
Let u(k) = -3*k**3 - 33*k**2 - 58*k - 584. What is u(-11)?
54
Let z(m) = -439*m - 6659. Give z(-15).
-74
Let r(c) = 356*c - 2175. What is r(6)?
-39
Let g(x) = -x**2 + 41*x + 19. What is g(10)?
329
Let i(h) = 54*h - 984. Give i(18).
-12
Let b(n) = -30*n**3 + 4*n**2 + 2*n - 10. Give b(2).
-230
Let u(v) = 5*v**2 - 9*v - 21. Determine u(-7).
287
Let j(f) = 123*f - 7564. What is j(62)?
62
Let n(i) = 39*i**2 - 240*i + 27. What is n(6)?
-9
Let w(z) = -43*z - 3054. What is w(-64)?
-302
Let q(x) = -x**3 - 10*x**2 - 6*x + 70. Determine q(-6).
-38
Let n(a) = 35*a - 78. What is n(2)?
-8
Let l(r) = 10*r - 133. What is l(-27)?
-403
Let q(h) = 2*h**2 - 161*h + 2056. Calculate q(16).
-8
Let b(h) = 20*h + 441. What is b(-23)?
-19
Let j(i) = 2*i**2 - 288*i - 2455. What is j(152)?
-23
Let l(f) = -2*f**2 - 341*f - 5483. Calculate l(-18).
7
Let s(v) = -v**3 - 38*v**2 - 193*v + 156. Calculate s(-7).
-12
Let u(m) = m**3 + 51*m**2 + 49*m - 45. Determine u(-50).
5
Let k(i) = -i**3 - 14*i**2 - 47*i + 20. Give k(-6).
14
Let g(f) = -f**2 - 23*f - 132. Calculate g(-34).
-506
Let h(c) = 49*c + 622. Determine h(-12).
34
Let c(g) = -g**2 - 39*g + 122. Give c(3).
-4
Let i(z) = -31*z - 75. Calculate i(-7).
142
Let o(f) = -f**2 + 674*f + 4090. Give o(-6).
10
Let q(h) = -5*h**2 + 22*h - 6. Give q(2).
18
Let q(o) = -49*o + 3760. Determine q(76).
36
Let t(z) = z**2 + 6*z + 59. Calculate t(-7).
66
Let y(m) = 85*m + 854. Determine y(-11).
-81
Let u(d) = 93*d - 6979. Determine u(75).
-4
Let q(r) = -146*r - 240. Give q(1).
-386
Let f(k) = -347*k**2 - 698*k - 7. Calculate f(-2).
1
Let m(p) = -2*p**2 + 150*p + 1121. Determine m(-7).
-27
Let z(m) = -14*m - 155. Calculate z(7).
-253
Let g(r) = r**3 - 2*r**2 + 2*r - 15. Determine g(5).
70
Let w(t) = t**3 + 15*t**2 - 21*t + 183. Give w(-15).
498
Let y(s) = -s**2 + 306*s - 3799. What is y(13)?
10
Let u(d) = -81*d - 8288. Calculate u(-102).
-26
Let p(g) = 583*g - 31544. Give p(54).
-62
Let w(b) = 10*b**3 - 7*b**2 - 3*b + 8. Determine w(2).
54
Let r(k) = k**3 - 23*k**2 - 7*k + 161. What is r(23)?
0
Let i(k) = -k**3 - 6*k**2 + k - 1. Give i(0).
-1
Let i(m) = -2*m**3 - 53*m**2 - 122*m + 30. What is i(-24)?
78
Let v(y) = -134*y - 3607. Determine v(-27).
11
Let b(s) = -s**2 - 27*s - 86. What is b(-3)?
-14
Let y(p) = -2*p**3 - 13*p**2 + 9*p - 4. What is y(-7)?
-18
Let p(a) = 7*a**2 - 227*a - 64. Give p(32).
-160
Let t(h) = -132*h - 1180. Give t(-9).
8
Let s(r) = 4*r**3 - 23*r**2 - 6*r + 2. Calculate s(6).
2
Let a(y) = y**3 - 9*y**2 + 55*y - 199. Calculate a(6).
23
Let m(z) = 14*z**3 - 398*z**2 + 396*z + 1. Determine m(1).
13
Let t(g) = -g**2 + 153*g - 1194. Determine t(8).
-34
Let c(y) = y**2 + 206*y - 16293. What is c(-267)?
-6
Let x(l) = -4*l**3 + 2*l**2 + 13*l - 12. Give x(0).
-12
Let j(a) = 164*a**2 - 1453*a - 72. Determine j(9).
135
Let l(v) = -492*v**2 + 27*v - 24. Calculate l(1).
-489
Let y(t) = -t**3 - 15*t**2 - 42*t - 70. What is y(-14)?
322
Let g(i) = i**2 + 53*i + 147. Calculate g(-20).
-513
Let x(p) = -354*p - 3670. What is x(-11)?
224
Let f(z) = -3*z**2 + 104*z + 1699. What is f(-14)?
-345
Let c(k) = -8*k + 641. Give c(88).
-63
Let f(x) = x**3 + 40*x**2 - 6*x - 237. Give f(-40).
3
Let p(x) = -6*x**3 + 19*x**2 - 46*x + 27. Calculate p(2).
-37
Let g(r) = 28*r + 1279. Calculate g(-40).
159
Let m(h) = 1487*h**2 - 19328*h - 39. Determine m(13).
0
Let a(q) = 2*q**2 - 831*q - 9346. Give a(-11).
37
Let c(d) = -13*d**2 - 7*d + 7. Determine c(3).
-131
Let i(a) = -617*a - 110433. What is i(-179)?
10
Let q(w) = 2*w**2 + 80*w - 5. Determine q(-46).
547
Let y(m) = -m**2 - 26*m + 261. What is y(-34)?
-11
Let n(y) = y**2 - 35*y + 105. Give n(22).
-181
Let f(a) = -282*a + 19182. Calculate f(68).
6
Let j(l) = 80*l - 88. Determine j(1).
-8
Let t(a) = 53*a + 4. Give t(1).
57
Let o(d) = -13*d**3 + 183*d**2 - 20*d + 90. What is o(14)?
6
Let v(k) = -29*k + 389. What is v(21)?
-220
Let q(t) = -t**3 + 4*t**2 + 165*t. Calculate q(15).
0
Let k(y) = -386*y**3 + 2*y**2 + 23*y - 24. Determine k(1).
-385
Let s(a) = -13*a + 216. What is s(14)?
34
Let c(z) = -z**3 + 48*z**2 + 101*z - 4. Determine c(-2).
-6
Let l(q) = -q**3 - 40*q**2 - 19*q - 717. Calculate l(-40).
43
Let h(b) = -b**2 + 52*b - 660. Calculate h(30).
0
Let y(g) = -g**3 - 51*g**2 - 3*g - 152. Determine y(-51).
1
Let y(z) = 3*z - 141. Calculate y(22).
-75
Let i(m) = 109*m + 32. Determine i(2).
250
Let q(l) = 8*l**2 + 181*l - 91. Give q(-23).
-22
Let k(g) = -2*g**3 - 23*g**2 + 39*g + 36. Determine k(-13).
36
Let n(f) = -16*f + 625. What is n(39)?
1
Let d(s) = s**2 - 905*s - 22300. What is d(-24)?
-4
Let f(j) = 3*j**2 + 162*j - 799. What is f(5)?
86
Let y(a) = 13*a + 153. Give y(-29).
-224
Let k(m) = 3*m**2 - 217*m + 1017. Calculate k(5).
7
Let k(y) = -2*y**2 + 25*y + 4. Determine k(-7).
-269
Let u(h) = -